{"id":21,"date":"2021-04-27T21:43:23","date_gmt":"2021-04-27T19:43:23","guid":{"rendered":"https:\/\/almoconsult.de\/?page_id=21"},"modified":"2022-05-10T15:54:10","modified_gmt":"2022-05-10T13:54:10","slug":"produkte","status":"publish","type":"page","link":"https:\/\/almoconsult.de\/?page_id=21","title":{"rendered":"Produkte"},"content":{"rendered":"\n<div class=\"wp-block-group alignfull has-background is-layout-flow wp-block-group-is-layout-flow\" style=\"background-color:#f2f2f2\"><div class=\"wp-block-group__inner-container\">\n<div class=\"wp-block-uagb-advanced-heading uagb-block-9b1e753e almo-prod-heading\" id=\"AlmoExpress\"><h1 class=\"uagb-heading-text\"><img loading=\"lazy\" decoding=\"async\" width=\"128\" height=\"128\" class=\"wp-image-68\" style=\"width: 128px;\" src=\"https:\/\/almoconsult.de\/wp-content\/uploads\/2021\/05\/almo_box_stau_128.svg\" alt=\"\">ALMO<sup>\u00ae<\/sup>&nbsp;Express<\/h1><div class=\"uagb-separator-wrap\"><div class=\"uagb-separator\"><\/div><\/div><p class=\"uagb-desc-text\"><strong>ALMO<sup>\u00ae<\/sup> Express<\/strong> bietet praxiserprobte Konzepte f\u00fcr den Betrieb und die Steuerung tempor\u00e4rer, telematischer Infrastruktur.<\/p><\/div>\n<\/div><\/div>\n\n\n\n<ul class=\"almo-prod-list wp-block-list\"><li>Erfassung der Verkehrslage mit mobilen Sensoren<\/li><li>verkehrsabh\u00e4ngige Aktivierung von Anzeigeninhalten und dynamischer Verkehrsf\u00fchrungen<\/li><li>\u00dcberwachung aller Betriebs- und Anzeigenzust\u00e4nde<\/li><li>automatisiertes Erstellen von Auswertungen und individueller Berichte<\/li><li>Erzeugung von Verkehrswarndienst-Meldungen in allen g\u00e4ngigen Formaten<\/li><li>Ver\u00f6ffentlichung \u00fcber den <a href=\"http:\/\/mdm-portal.de\"><img loading=\"lazy\" decoding=\"async\" width=\"350\" height=\"63\" class=\"wp-image-565\" style=\"width: 350px;\" src=\"https:\/\/almoconsult.de\/wp-content\/uploads\/2021\/05\/MDM_P_Logo_72dpi_gold.png\" alt=\"\" srcset=\"https:\/\/almoconsult.de\/wp-content\/uploads\/2021\/05\/MDM_P_Logo_72dpi_gold.png 408w, https:\/\/almoconsult.de\/wp-content\/uploads\/2021\/05\/MDM_P_Logo_72dpi_gold-300x54.png 300w\" sizes=\"auto, (max-width: 350px) 100vw, 350px\" \/><\/a><\/li><\/ul>\n\n\n\n<figure class=\"wp-block-image size-large\"><img loading=\"lazy\" decoding=\"async\" width=\"773\" height=\"684\" src=\"https:\/\/almoconsult.de\/wp-content\/uploads\/2021\/06\/lageplan-aachen.png\" alt=\"\" class=\"wp-image-818\" srcset=\"https:\/\/almoconsult.de\/wp-content\/uploads\/2021\/06\/lageplan-aachen.png 773w, https:\/\/almoconsult.de\/wp-content\/uploads\/2021\/06\/lageplan-aachen-300x265.png 300w, https:\/\/almoconsult.de\/wp-content\/uploads\/2021\/06\/lageplan-aachen-768x680.png 768w\" sizes=\"auto, (max-width: 773px) 100vw, 773px\" \/><\/figure>\n\n\n\n<div style=\"height:64px\" aria-hidden=\"true\" class=\"wp-block-spacer\"><\/div>\n\n\n\n<div class=\"wp-block-group alignfull has-background is-layout-flow wp-block-group-is-layout-flow\" style=\"background-color:#f2f2f2\"><div class=\"wp-block-group__inner-container\">\n<div class=\"wp-block-uagb-advanced-heading uagb-block-ab966e3d almo-prod-heading\" id=\"AlmoData\"><h1 class=\"uagb-heading-text\"><img loading=\"lazy\" decoding=\"async\" width=\"128\" height=\"128\" class=\"wp-image-63\" style=\"width: 128px;\" src=\"https:\/\/almoconsult.de\/wp-content\/uploads\/2021\/05\/almo_box_vrz_128.png\" alt=\"\">ALMO<sup>\u00ae<\/sup>&nbsp;Data<\/h1><div class=\"uagb-separator-wrap\"><div class=\"uagb-separator\"><\/div><\/div><p class=\"uagb-desc-text\"><strong>ALMO<sup>\u00ae<\/sup> Data<\/strong> sorgt in Verkehrs- und Servicezentralen daf\u00fcr, dass komplexe Verkehrserfassungs- und Steuerungssysteme sowie kommunikationstechnische Infrastrukturen optimal wirken k\u00f6nnen.<\/p><\/div>\n<\/div><\/div>\n\n\n\n<ul class=\"almo-prod-list wp-block-list\"><li>Grundlage f\u00fcr analytisches Arbeiten in der Verkehrszentrale<\/li><li>\u00dcberwachung und zuverl\u00e4ssige Prognose der Verkehrslage<\/li><li>Unterst\u00fctzung verkehrsbeh\u00f6rdlicher Nutzungen<\/li><li>Optimierung der zeitlichen Festlegung von Ma\u00dfnahmen<\/li><li>Online-\u00dcberwachung der Datenqualit\u00e4t<\/li><li>Ver\u00f6ffentlichung \u00fcber den <a href=\"http:\/\/mdm-portal.de\"><img loading=\"lazy\" decoding=\"async\" width=\"350\" height=\"63\" class=\"wp-image-565\" style=\"width: 350px;\" src=\"https:\/\/almoconsult.de\/wp-content\/uploads\/2021\/05\/MDM_P_Logo_72dpi_gold.png\" alt=\"\" srcset=\"https:\/\/almoconsult.de\/wp-content\/uploads\/2021\/05\/MDM_P_Logo_72dpi_gold.png 408w, https:\/\/almoconsult.de\/wp-content\/uploads\/2021\/05\/MDM_P_Logo_72dpi_gold-300x54.png 300w\" sizes=\"auto, (max-width: 350px) 100vw, 350px\" \/><\/a><\/li><\/ul>\n\n\n\n<figure class=\"wp-block-image size-large is-resized is-style-default\"><img loading=\"lazy\" decoding=\"async\" src=\"https:\/\/almoconsult.de\/wp-content\/uploads\/2021\/05\/A66_3AXO.svg\" alt=\"\" class=\"wp-image-566\" width=\"900\" height=\"360\"\/><\/figure>\n\n\n\n<div style=\"height:64px\" aria-hidden=\"true\" class=\"wp-block-spacer\"><\/div>\n\n\n\n<div class=\"wp-block-group alignfull has-background is-layout-flow wp-block-group-is-layout-flow\" style=\"background-color:#f2f2f2\"><div class=\"wp-block-group__inner-container\">\n<div class=\"wp-block-uagb-advanced-heading uagb-block-3e6a5283 almo-prod-heading\" id=\"AlmoTraffic\"><h1 class=\"uagb-heading-text\"><img loading=\"lazy\" decoding=\"async\" width=\"128\" height=\"128\" class=\"wp-image-66\" style=\"width: 128px;\" src=\"https:\/\/almoconsult.de\/wp-content\/uploads\/2021\/05\/almo_box_bau_128.svg\" alt=\"\">ALMO<sup>\u00ae<\/sup>&nbsp;Traffic<\/h1><div class=\"uagb-separator-wrap\"><div class=\"uagb-separator\"><\/div><\/div><p class=\"uagb-desc-text\">Durch einen webbasierten, organisations\u00fcbergreifenden Zugriff auf die <strong>ALMO<sup>\u00ae<\/sup><\/strong>-Software bearbeiten und koordinieren Sie ihre Baustellen und Veranstaltungen mit allen eingebundenen Partnern. <strong>ALMO<sup>\u00ae<\/sup><\/strong> macht die Abl\u00e4ufe schlank.<\/p><\/div>\n<\/div><\/div>\n\n\n\n<ul class=\"almo-prod-list wp-block-list\"><li>Schnelle, intuitive Eingabe von Ereignissen und deren Verortung<\/li><li>Unterst\u00fctzung bei der Planung und Durchf\u00fchrung von Baustellen und Veranstaltungen<\/li><li>Definition von Umlenkungsma\u00dfnahmen<\/li><li>Verkehrliche \u00dcberwachung staugef\u00e4hrdeter Bereiche<\/li><li>Publikation ma\u00dfgeschneiderter Verkehrsmeldungen<\/li><li>Ver\u00f6ffentlichung \u00fcber den <a href=\"https:\/\/www.mdm-portal.de\/\"><img loading=\"lazy\" decoding=\"async\" width=\"350\" height=\"63\" class=\"wp-image-565\" style=\"width: 350px;\" src=\"https:\/\/almoconsult.de\/wp-content\/uploads\/2021\/05\/MDM_P_Logo_72dpi_gold.png\" alt=\"\" srcset=\"https:\/\/almoconsult.de\/wp-content\/uploads\/2021\/05\/MDM_P_Logo_72dpi_gold.png 408w, https:\/\/almoconsult.de\/wp-content\/uploads\/2021\/05\/MDM_P_Logo_72dpi_gold-300x54.png 300w\" sizes=\"auto, (max-width: 350px) 100vw, 350px\" \/><\/a><\/li><\/ul>\n\n\n\n<figure class=\"wp-block-image size-large is-resized is-style-default\"><img loading=\"lazy\" decoding=\"async\" src=\"https:\/\/almoconsult.de\/wp-content\/uploads\/2021\/06\/almo_bau.svg\" alt=\"\" class=\"wp-image-759\" width=\"900\" height=\"308\"\/><\/figure>\n\n\n\n<div style=\"height:64px\" aria-hidden=\"true\" class=\"wp-block-spacer\"><\/div>\n\n\n\n<div class=\"wp-block-group alignfull has-background is-layout-flow wp-block-group-is-layout-flow\" style=\"background-color:#f2f2f2\"><div class=\"wp-block-group__inner-container\">\n<div class=\"wp-block-uagb-advanced-heading uagb-block-d34dfbd0 almo-prod-heading\" id=\"AlmoPortal\"><h1 class=\"uagb-heading-text\"><img loading=\"lazy\" decoding=\"async\" width=\"128\" height=\"128\" class=\"wp-image-671\" style=\"width: 128px;\" src=\"https:\/\/almoconsult.de\/wp-content\/uploads\/2021\/06\/almo_box_globe_128.svg\" alt=\"\">ALMO<sup>\u00ae<\/sup>&nbsp;Portal<\/h1><div class=\"uagb-separator-wrap\"><div class=\"uagb-separator\"><\/div><\/div><p class=\"uagb-desc-text\">Mit <strong>ALMO<sup>\u00ae<\/sup><\/strong> bleiben die Anwender immer auf dem aktuellsten Stand.<\/p><\/div>\n<\/div><\/div>\n\n\n\n<p><\/p>\n\n\n\n<ul class=\"almo-prod-list wp-block-list\"><li>Bereitstellung kartenbasierter Verkehrsinformationen f\u00fcr das Internet<\/li><li>Verwaltung von Infrastrukturdaten und verkehrstelematischer Objekte<\/li><li>Einbindung verschiedenster Datenquellen und Smart-City Anwendungen<\/li><li>Anzeige auf allen station\u00e4ren und mobilen Endger\u00e4ten<\/li><\/ul>\n\n\n\n<div class=\"iframe-container\">\n<iframe class=\"iframe-responsive\" style=\"border: 0;\" src=\"https:\/\/www.verkehr.nrw\/web\/vipnrw\/karte\/?center=50.75790,6.15740&amp;zoom=16&amp;target=50.75769,6.15799&amp;car=true&amp;publicTransport=false&amp;bike=false&amp;layer=Verkehrslage,Haltestellen,Parken,Webcams,Verkehrsmeldungen,Baustellen,ELadesaeulen&amp;highlightRoute=false\" frameborder=\"0\"><\/iframe><\/div>\n","protected":false},"excerpt":{"rendered":"<p>ALMO\u00ae&nbsp;Express ALMO\u00ae Express bietet praxiserprobte Konzepte f\u00fcr den Betrieb und die Steuerung tempor\u00e4rer, telematischer Infrastruktur. Erfassung der Verkehrslage mit mobilen Sensoren verkehrsabh\u00e4ngige Aktivierung von Anzeigeninhalten und dynamischer Verkehrsf\u00fchrungen \u00dcberwachung aller Betriebs- und Anzeigenzust\u00e4nde automatisiertes Erstellen von Auswertungen und individueller Berichte Erzeugung von Verkehrswarndienst-Meldungen in allen g\u00e4ngigen Formaten Ver\u00f6ffentlichung \u00fcber den ALMO\u00ae&nbsp;Data ALMO\u00ae Data sorgt in &hellip;<\/p>\n<p class=\"read-more\"> <a class=\"\" href=\"https:\/\/almoconsult.de\/?page_id=21\"> <span class=\"screen-reader-text\">Produkte<\/span> Weiterlesen &raquo;<\/a><\/p>\n","protected":false},"author":1,"featured_media":0,"parent":0,"menu_order":0,"comment_status":"closed","ping_status":"closed","template":"","meta":{"_uag_custom_page_level_css":"","site-sidebar-layout":"default","site-content-layout":"default","ast-global-header-display":"","ast-banner-title-visibility":"","ast-main-header-display":"","ast-hfb-above-header-display":"","ast-hfb-below-header-display":"","ast-hfb-mobile-header-display":"","site-post-title":"","ast-breadcrumbs-content":"","ast-featured-img":"","footer-sml-layout":"","theme-transparent-header-meta":"default","adv-header-id-meta":"","stick-header-meta":"","header-above-stick-meta":"","header-main-stick-meta":"","header-below-stick-meta":"","footnotes":""},"class_list":["post-21","page","type-page","status-publish","hentry"],"yoast_head":"<!-- This site is optimized with the Yoast SEO plugin v20.11 - https:\/\/yoast.com\/wordpress\/plugins\/seo\/ -->\n<title>Produkte - Almo Consult GmbH<\/title>\n<meta name=\"description\" content=\"Unsere ALMO\u00ae -Softwarel\u00f6sungen stellen sicher, dass die Infrastruktur der Kunden effizient genutzt wird. ALMO\u00ae erm\u00f6glicht unseren Kunden, ihre eigenen Planungen abzubilden, damit Menschen, IT-Systeme und telematische Infrastrukturen effizient zusammenwirken.\" \/>\n<meta name=\"robots\" content=\"index, follow, max-snippet:-1, max-image-preview:large, max-video-preview:-1\" \/>\n<link rel=\"canonical\" href=\"https:\/\/almoconsult.de\/?page_id=21\" \/>\n<meta property=\"og:locale\" content=\"de_DE\" \/>\n<meta property=\"og:type\" content=\"article\" \/>\n<meta property=\"og:title\" content=\"Produkte - Almo Consult GmbH\" \/>\n<meta property=\"og:description\" content=\"Unsere ALMO\u00ae -Softwarel\u00f6sungen stellen sicher, dass die Infrastruktur der Kunden effizient genutzt wird. ALMO\u00ae erm\u00f6glicht unseren Kunden, ihre eigenen Planungen abzubilden, damit Menschen, IT-Systeme und telematische Infrastrukturen effizient zusammenwirken.\" \/>\n<meta property=\"og:url\" content=\"https:\/\/almoconsult.de\/?page_id=21\" \/>\n<meta property=\"og:site_name\" content=\"Almo Consult GmbH\" \/>\n<meta property=\"article:modified_time\" content=\"2022-05-10T13:54:10+00:00\" \/>\n<meta property=\"og:image\" content=\"https:\/\/almoconsult.de\/wp-content\/uploads\/2021\/05\/almo_box_stau_128.svg\" \/>\n<meta name=\"twitter:card\" content=\"summary_large_image\" \/>\n<meta name=\"twitter:label1\" content=\"Gesch\u00e4tzte Lesezeit\" \/>\n\t<meta name=\"twitter:data1\" content=\"4\u00a0Minuten\" \/>\n<script type=\"application\/ld+json\" class=\"yoast-schema-graph\">{\"@context\":\"https:\/\/schema.org\",\"@graph\":[{\"@type\":\"WebPage\",\"@id\":\"https:\/\/almoconsult.de\/?page_id=21\",\"url\":\"https:\/\/almoconsult.de\/?page_id=21\",\"name\":\"Produkte - Almo Consult GmbH\",\"isPartOf\":{\"@id\":\"https:\/\/almoconsult.de\/#website\"},\"datePublished\":\"2021-04-27T19:43:23+00:00\",\"dateModified\":\"2022-05-10T13:54:10+00:00\",\"description\":\"Unsere ALMO\u00ae -Softwarel\u00f6sungen stellen sicher, dass die Infrastruktur der Kunden effizient genutzt wird. ALMO\u00ae erm\u00f6glicht unseren Kunden, ihre eigenen Planungen abzubilden, damit Menschen, IT-Systeme und telematische Infrastrukturen effizient zusammenwirken.\",\"breadcrumb\":{\"@id\":\"https:\/\/almoconsult.de\/?page_id=21#breadcrumb\"},\"inLanguage\":\"de\",\"potentialAction\":[{\"@type\":\"ReadAction\",\"target\":[\"https:\/\/almoconsult.de\/?page_id=21\"]}]},{\"@type\":\"BreadcrumbList\",\"@id\":\"https:\/\/almoconsult.de\/?page_id=21#breadcrumb\",\"itemListElement\":[{\"@type\":\"ListItem\",\"position\":1,\"name\":\"Home\",\"item\":\"https:\/\/almoconsult.de\/\"},{\"@type\":\"ListItem\",\"position\":2,\"name\":\"Produkte\"}]},{\"@type\":\"WebSite\",\"@id\":\"https:\/\/almoconsult.de\/#website\",\"url\":\"https:\/\/almoconsult.de\/\",\"name\":\"Almo Consult GmbH\",\"description\":\"all ways in motion\",\"publisher\":{\"@id\":\"https:\/\/almoconsult.de\/#organization\"},\"potentialAction\":[{\"@type\":\"SearchAction\",\"target\":{\"@type\":\"EntryPoint\",\"urlTemplate\":\"https:\/\/almoconsult.de\/?s={search_term_string}\"},\"query-input\":\"required name=search_term_string\"}],\"inLanguage\":\"de\"},{\"@type\":\"Organization\",\"@id\":\"https:\/\/almoconsult.de\/#organization\",\"name\":\"Almo Consult GmbH\",\"url\":\"https:\/\/almoconsult.de\/\",\"logo\":{\"@type\":\"ImageObject\",\"inLanguage\":\"de\",\"@id\":\"https:\/\/almoconsult.de\/#\/schema\/logo\/image\/\",\"url\":\"http:\/\/192.168.114.5\/almo\/wp-content\/uploads\/2021\/05\/Almo_Logo.png\",\"contentUrl\":\"http:\/\/192.168.114.5\/almo\/wp-content\/uploads\/2021\/05\/Almo_Logo.png\",\"width\":519,\"height\":461,\"caption\":\"Almo Consult GmbH\"},\"image\":{\"@id\":\"https:\/\/almoconsult.de\/#\/schema\/logo\/image\/\"}}]}<\/script>\n<!-- \/ Yoast SEO plugin. -->","yoast_head_json":{"title":"Produkte - Almo Consult GmbH","description":"Unsere ALMO\u00ae -Softwarel\u00f6sungen stellen sicher, dass die Infrastruktur der Kunden effizient genutzt wird. ALMO\u00ae erm\u00f6glicht unseren Kunden, ihre eigenen Planungen abzubilden, damit Menschen, IT-Systeme und telematische Infrastrukturen effizient zusammenwirken.","robots":{"index":"index","follow":"follow","max-snippet":"max-snippet:-1","max-image-preview":"max-image-preview:large","max-video-preview":"max-video-preview:-1"},"canonical":"https:\/\/almoconsult.de\/?page_id=21","og_locale":"de_DE","og_type":"article","og_title":"Produkte - Almo Consult GmbH","og_description":"Unsere ALMO\u00ae -Softwarel\u00f6sungen stellen sicher, dass die Infrastruktur der Kunden effizient genutzt wird. ALMO\u00ae erm\u00f6glicht unseren Kunden, ihre eigenen Planungen abzubilden, damit Menschen, IT-Systeme und telematische Infrastrukturen effizient zusammenwirken.","og_url":"https:\/\/almoconsult.de\/?page_id=21","og_site_name":"Almo Consult GmbH","article_modified_time":"2022-05-10T13:54:10+00:00","og_image":[{"url":"https:\/\/almoconsult.de\/wp-content\/uploads\/2021\/05\/almo_box_stau_128.svg"}],"twitter_card":"summary_large_image","twitter_misc":{"Gesch\u00e4tzte Lesezeit":"4\u00a0Minuten"},"schema":{"@context":"https:\/\/schema.org","@graph":[{"@type":"WebPage","@id":"https:\/\/almoconsult.de\/?page_id=21","url":"https:\/\/almoconsult.de\/?page_id=21","name":"Produkte - Almo Consult GmbH","isPartOf":{"@id":"https:\/\/almoconsult.de\/#website"},"datePublished":"2021-04-27T19:43:23+00:00","dateModified":"2022-05-10T13:54:10+00:00","description":"Unsere ALMO\u00ae -Softwarel\u00f6sungen stellen sicher, dass die Infrastruktur der Kunden effizient genutzt wird. ALMO\u00ae erm\u00f6glicht unseren Kunden, ihre eigenen Planungen abzubilden, damit Menschen, IT-Systeme und telematische Infrastrukturen effizient zusammenwirken.","breadcrumb":{"@id":"https:\/\/almoconsult.de\/?page_id=21#breadcrumb"},"inLanguage":"de","potentialAction":[{"@type":"ReadAction","target":["https:\/\/almoconsult.de\/?page_id=21"]}]},{"@type":"BreadcrumbList","@id":"https:\/\/almoconsult.de\/?page_id=21#breadcrumb","itemListElement":[{"@type":"ListItem","position":1,"name":"Home","item":"https:\/\/almoconsult.de\/"},{"@type":"ListItem","position":2,"name":"Produkte"}]},{"@type":"WebSite","@id":"https:\/\/almoconsult.de\/#website","url":"https:\/\/almoconsult.de\/","name":"Almo Consult GmbH","description":"all ways in motion","publisher":{"@id":"https:\/\/almoconsult.de\/#organization"},"potentialAction":[{"@type":"SearchAction","target":{"@type":"EntryPoint","urlTemplate":"https:\/\/almoconsult.de\/?s={search_term_string}"},"query-input":"required name=search_term_string"}],"inLanguage":"de"},{"@type":"Organization","@id":"https:\/\/almoconsult.de\/#organization","name":"Almo Consult GmbH","url":"https:\/\/almoconsult.de\/","logo":{"@type":"ImageObject","inLanguage":"de","@id":"https:\/\/almoconsult.de\/#\/schema\/logo\/image\/","url":"http:\/\/192.168.114.5\/almo\/wp-content\/uploads\/2021\/05\/Almo_Logo.png","contentUrl":"http:\/\/192.168.114.5\/almo\/wp-content\/uploads\/2021\/05\/Almo_Logo.png","width":519,"height":461,"caption":"Almo Consult GmbH"},"image":{"@id":"https:\/\/almoconsult.de\/#\/schema\/logo\/image\/"}}]}},"uagb_featured_image_src":{"full":false,"thumbnail":false,"medium":false,"medium_large":false,"large":false,"1536x1536":false,"2048x2048":false},"uagb_author_info":{"display_name":"almo","author_link":"https:\/\/almoconsult.de\/?author=1"},"uagb_comment_info":0,"uagb_excerpt":"ALMO\u00ae&nbsp;Express ALMO\u00ae Express bietet praxiserprobte Konzepte f\u00fcr den Betrieb und die Steuerung tempor\u00e4rer, telematischer Infrastruktur. Erfassung der Verkehrslage mit mobilen Sensoren verkehrsabh\u00e4ngige Aktivierung von Anzeigeninhalten und dynamischer Verkehrsf\u00fchrungen \u00dcberwachung aller Betriebs- und Anzeigenzust\u00e4nde automatisiertes Erstellen von Auswertungen und individueller Berichte Erzeugung von Verkehrswarndienst-Meldungen in allen g\u00e4ngigen Formaten Ver\u00f6ffentlichung \u00fcber den ALMO\u00ae&nbsp;Data ALMO\u00ae Data sorgt in&hellip;","_links":{"self":[{"href":"https:\/\/almoconsult.de\/index.php?rest_route=\/wp\/v2\/pages\/21","targetHints":{"allow":["GET"]}}],"collection":[{"href":"https:\/\/almoconsult.de\/index.php?rest_route=\/wp\/v2\/pages"}],"about":[{"href":"https:\/\/almoconsult.de\/index.php?rest_route=\/wp\/v2\/types\/page"}],"author":[{"embeddable":true,"href":"https:\/\/almoconsult.de\/index.php?rest_route=\/wp\/v2\/users\/1"}],"replies":[{"embeddable":true,"href":"https:\/\/almoconsult.de\/index.php?rest_route=%2Fwp%2Fv2%2Fcomments&post=21"}],"version-history":[{"count":181,"href":"https:\/\/almoconsult.de\/index.php?rest_route=\/wp\/v2\/pages\/21\/revisions"}],"predecessor-version":[{"id":919,"href":"https:\/\/almoconsult.de\/index.php?rest_route=\/wp\/v2\/pages\/21\/revisions\/919"}],"wp:attachment":[{"href":"https:\/\/almoconsult.de\/index.php?rest_route=%2Fwp%2Fv2%2Fmedia&parent=21"}],"curies":[{"name":"wp","href":"https:\/\/api.w.org\/{rel}","templated":true}]}}